{"id":118,"date":"2015-07-28T20:09:09","date_gmt":"2015-07-28T18:09:09","guid":{"rendered":"http:\/\/psychologische-praxis-plass.de\/?page_id=118"},"modified":"2018-05-24T17:17:25","modified_gmt":"2018-05-24T15:17:25","slug":"vita","status":"publish","type":"page","link":"https:\/\/psychologische-praxis-plass.de\/?page_id=118","title":{"rendered":"Vita"},"content":{"rendered":"<p><a href=\"http:\/\/psychologische-praxis-plass.de\/wp-content\/uploads\/2015\/07\/ArchivID_136607.jpg\"><img loading=\"lazy\" decoding=\"async\" class=\"size-medium wp-image-139 alignleft\" src=\"http:\/\/psychologische-praxis-plass.de\/wp-content\/uploads\/2015\/07\/ArchivID_136607-199x300.jpg\" alt=\"\" width=\"199\" height=\"300\" srcset=\"https:\/\/psychologische-praxis-plass.de\/wp-content\/uploads\/2015\/07\/ArchivID_136607-199x300.jpg 199w, https:\/\/psychologische-praxis-plass.de\/wp-content\/uploads\/2015\/07\/ArchivID_136607-768x1156.jpg 768w, https:\/\/psychologische-praxis-plass.de\/wp-content\/uploads\/2015\/07\/ArchivID_136607-680x1024.jpg 680w, https:\/\/psychologische-praxis-plass.de\/wp-content\/uploads\/2015\/07\/ArchivID_136607-700x1054.jpg 700w, https:\/\/psychologische-praxis-plass.de\/wp-content\/uploads\/2015\/07\/ArchivID_136607-332x500.jpg 332w\" sizes=\"auto, (max-width: 199px) 100vw, 199px\" \/><\/a><strong>Kristin Johanne Plass<\/strong><\/p>\n<p>geboren 1961 in Wiesbaden, geschieden, 4 Kinder<\/p>\n<p>Studium der Psychologie an der Johannes Gutenberg-Universit\u00e4t, Mainz<br \/>\nmit Diplomabschluss 2005<\/p>\n<p>Kusleiterin f\u00fcr das Marburger Schmerzbew\u00e4ltigungsprogramm (BDP)<\/p>\n<p>Fortbildung in Verhaltenstherapeutischer Hypnose zur Schmerzdissoziation (BDP)<\/p>\n<p>Fortbildung Hypno-Mentale Geburtsvorbereitung (DGH)<\/p>\n<p>Weiterbildungsmodule &#8218;Hypnotherapie&#8216; der Deutschen Gesellschaft f\u00fcr Hypnose und Hypnotherapie (DGH)<\/p>\n<p>2005 &#8211; Febr. 2008: T\u00e4tigkeit als Diplom-Psychologin im Klinikzentrum Lindenallee, Bad Schwalbach (Rehazentrum, Abteilungen Psychosomatik und Orthop\u00e4die)<\/p>\n<p>2008 &#8211; 2009: T\u00e4tigkeit als Diplom-Psychologin im Rheumazentrum Schlangenbad (Rehaklinik f\u00fcr Rheumatologie, Orthop\u00e4die)<\/p>\n<p>seit M\u00e4rz 2008: T\u00e4tigkeit in eigener Praxis mit der Heilerlaubnis f\u00fcr Psychotherapie nach dem Heilpraktikergesetz<\/p>\n<p>Seit 2008 Dozentin f\u00fcr &#8222;Psychophysiologie&#8220; an der Wiesbadener Schule f\u00fcr Schauspiel <a href=\"http:\/\/schauspielschule-wiesbaden.de\/\" target=\"_blank\" rel=\"noopener\">(WSfS)<\/a><\/p>\n<p>seit 2009: T\u00e4tigkeit als Diplom-Psychologin in der Deutschen Klinik f\u00fcr Diagnostik (<a href=\"http:\/\/www.helios-kliniken.de\/klinik\/wiesbaden-dkd.html\" target=\"_blank\" rel=\"noopener\">DKD Helios-Klinik<\/a>), Fachbereich Neurologie, Schmerzpsychologie\/Neuropsychologie: Psychologische Schmerzdiagnostik und -therapie, Progressive Relaxation, Biofeedback, neuropsychologische Testdiagnostik<\/p>\n<p>&nbsp;<\/p>\n<p>&nbsp;<\/p>\n","protected":false},"excerpt":{"rendered":"<p>Kristin Johanne Plass geboren 1961 in Wiesbaden, geschieden, 4 Kinder Studium der Psychologie an der Johannes Gutenberg-Universit\u00e4t, Mainz mit Diplomabschluss 2005 Kusleiterin f\u00fcr das Marburger Schmerzbew\u00e4ltigungsprogramm (BDP) Fortbildung in Verhaltenstherapeutischer Hypnose zur Schmerzdissoziation (BDP) Fortbildung Hypno-Mentale Geburtsvorbereitung (DGH) Weiterbildungsmodule &#8218;Hypnotherapie&#8216; der Deutschen Gesellschaft f\u00fcr Hypnose und Hypnotherapie (DGH) 2005 &#8211; &#8230;<\/p>\n","protected":false},"author":1,"featured_media":0,"parent":0,"menu_order":0,"comment_status":"closed","ping_status":"closed","template":"","meta":{"footnotes":""},"class_list":["post-118","page","type-page","status-publish","hentry","column","threecol"],"_links":{"self":[{"href":"https:\/\/psychologische-praxis-plass.de\/index.php?rest_route=\/wp\/v2\/pages\/118","targetHints":{"allow":["GET"]}}],"collection":[{"href":"https:\/\/psychologische-praxis-plass.de\/index.php?rest_route=\/wp\/v2\/pages"}],"about":[{"href":"https:\/\/psychologische-praxis-plass.de\/index.php?rest_route=\/wp\/v2\/types\/page"}],"author":[{"embeddable":true,"href":"https:\/\/psychologische-praxis-plass.de\/index.php?rest_route=\/wp\/v2\/users\/1"}],"replies":[{"embeddable":true,"href":"https:\/\/psychologische-praxis-plass.de\/index.php?rest_route=%2Fwp%2Fv2%2Fcomments&post=118"}],"version-history":[{"count":6,"href":"https:\/\/psychologische-praxis-plass.de\/index.php?rest_route=\/wp\/v2\/pages\/118\/revisions"}],"predecessor-version":[{"id":175,"href":"https:\/\/psychologische-praxis-plass.de\/index.php?rest_route=\/wp\/v2\/pages\/118\/revisions\/175"}],"wp:attachment":[{"href":"https:\/\/psychologische-praxis-plass.de\/index.php?rest_route=%2Fwp%2Fv2%2Fmedia&parent=118"}],"curies":[{"name":"wp","href":"https:\/\/api.w.org\/{rel}","templated":true}]}}